ns digit of c(-2)?
5
What is the units digit of ((30/(-20))/(-3))/(1/7370)?
5
Suppose -6*d = -3*d - 2*o - 19, 5*d + 3*o = 19. Suppose d*q = 36 + 144. Suppose -4*k = -88 - q. What is the tens digit of k?
3
Let l be -4*(-2 - (1 - -13) - -2). Let i = -25 + l. What is the units digit of i?
1
Let b be ((-36)/(-16))/((-3)/(-288)). Suppose 5*p - b = 3*p. Let l = p - 73. What is the units digit of l?
5
What is the units digit of 8358/91 + 8/52?
2
Let f be (92/10)/((-3)/(-15)). Suppose 12 = 2*s - 2*z, -5*s + f = 5*z - 4. Let v(o) = 4*o - 11. What is the tens digit of v(s)?
2
Suppose 3*l + 14 = 8. Let a(z) = -z**3 - 9*z**2 + z - 12. Let o(r) = 3*r**3 + 27*r**2 - 2*r + 37. Let w(m) = l*o(m) - 7*a(m). What is the units digit of w(-9)?
7
Let i(m) = -195*m + 431. What is the thousands digit of i(-6)?
1
Let g = -7 - -10. Suppose -365 = -g*t + 37. Suppose -140 = -4*w - 4*y, -w = 3*w + y - t. What is the tens digit of w?
3
Let z(y) = 14*y + 570. Let m be z(0). Suppose -576 = -5*p - 6*q + 4*q, 0 = 5*p + 5*q - m. What is the hundreds digit of p?
1
Let z = 24 + -52. Let r = 87 + z. Suppose r = 3*d - 19. What is the units digit of d?
6
What is the hundreds digit of ((-4)/5)/((-48)/101640)?
6
Let j(f) = -f**3 + 11*f**2 - 10*f + 15. Let y be j(6). Let l = -65 + y. What is the units digit of l?
0
Let v = 111 + -89. Suppose 23*g = v*g + 232. What is the tens digit of g?
3
Let r = 36 - 36. Suppose w = -r*w + 63. What is the tens digit of w?
6
Suppose 11*i - 16*i - 10 = 0. Let f be i*(-2 + 3/2). Let m = f - -12. What is the tens digit of m?
1
Suppose 3*v - 3010 = 5*m, -17*v = -16*v + 2*m - 1007. What is the units digit of v?
5
What is the hundreds digit of 5061/8 - 6/(-16)?
6
Suppose 7*z - 8154 = 2976. What is the units digit of z?
0
Let a(s) = -16*s - 5. Suppose -7*z = 14 - 0. What is the tens digit of a(z)?
2
Let x(z) be the second derivative of z**4/12 - z**3/6 - 7*z**2/2 + 3*z - 6. What is the tens digit of x(9)?
6
Let c(b) = b**2 - b - 1. Let o(x) = -3*x**2 + 11*x - 6. Let z(g) = 4*c(g) + o(g). Let d be z(-8). What is the units digit of (4 - -5) + (d - 0)?
7
Suppose -4*n = -9 - 11. Suppose -3*r + n*r - 32 = 0. What is the tens digit of r?
1
Let x(y) = -142*y + 317. What is the tens digit of x(2)?
3
Let m = -2315 + 3892. What is the thousands digit of m?
1
Suppose 8*t - 1594 = -3*i + 4*t, -4*t + 542 = i. What is the units digit of i?
6
Let m(q) = 2*q**2 + 2*q + 3. Let h(t) = -t**2 - 2*t - 3. Let g(v) = 3*h(v) + 2*m(v). Let u be g(9). Let b = u - 14. What is the units digit of b?
6
Let s(a) = 1. Let q(z) = -13*z + 2. Let r(d) = -d - 5. Let i be r(-6). Let c(v) = i*s(v) - q(v). What is the tens digit of c(3)?
3
Let r be 0*(-4)/(-24) - (-2 + -10). Let y = r + 97. What is the hundreds digit of y?
1
Suppose o + d + 4*d = 108, o - 99 = -2*d. Suppose -215 = -2*j + o. What is the hundreds digit of j?
1
Let x(a) = -3*a**2 - 15*a - 7. Let g be x(-6). Let s = 22 + g. What is the tens digit of 34*(21/6 + s)?
1
Let f be (-141)/(-15) + 4/(-10). Suppose f = -b + 35. What is the units digit of b*-4*1/(-8)?
3
Let r(j) be the second derivative of 7*j**3/6 + 7*j**2/2 - j. Let y be r(5). Let v = 60 - y. What is the tens digit of v?
1
Let x be (-6)/24 - (-61)/4. Let k = x - 10. Suppose -3*g + k*c = -45, 2*g - 41 = 3*c - 10. What is the units digit of g?
0
Suppose 13*c - 5 = 21. Suppose 4*b + c*z - 85 - 217 = 0, b - z = 77. What is the tens digit of b?
7
Let i(h) = 7*h - 1. Let j(w) = -6*w. Let c(b) = -3*i(b) - 4*j(b). What is the tens digit of c(6)?
2
Suppose 13*k = 2*y + 17*k - 2804, 0 = -5*k + 5. What is the units digit of y?
0
Suppose -76*u + 66*u + 13600 = 0. What is the thousands digit of u?
1
Suppose -11*c + 14231 = 8*c. What is the tens digit of c?
4
Let n be -1*(-8 + (3 - 1)). Let g be 3 + 0*3/n. What is the tens digit of (1 - (-2 + g)) + 18?
1
Suppose -3*k + 71 = 5*o - 4, 34 = 2*o + 2*k. Let j = -8 + o. Suppose c + 3*c = j. What is the units digit of c?
1
Suppose 5*k = 7*k - 1400. Suppose 4*i - 686 = -3*z - 0*z, -4*i + 4*z + k = 0. What is the tens digit of i?
7
What is the hundreds digit of 5*(-44)/(-385) - (-10338)/14?
7
Suppose w = 4*l + 2467, -6*w + 3371 = -2*l - 11475. What is the units digit of w?
5
Let v(j) = j**2 + 1. Let t(a) = -5*a**2 - 10*a - 21. Let z(o) = t(o) + 6*v(o). What is the units digit of z(-6)?
1
Suppose -11*k + 3978 = -3117. What is the units digit of k?
5
Let o be ((-2)/4)/(2/(-60)). Let q be -5 + (38 - 0 - -5). Let c = q - o. What is the tens digit of c?
2
Suppose 134*v = 137*v + r - 449, -5*v + 735 = -r. What is the units digit of v?
8
Let g be (-2)/(-12) + (-47)/(-6). Let f be (43/(-2))/((-4)/g). Suppose -k + 2*k = -4*i + f, 3*k - 64 = i. What is the tens digit of k?
2
Let m(u) = -30*u**2 - 1. Let x be m(2). Let f = x + 171. Let j = -19 + f. What is the tens digit of j?
3
Let j(l) = l**3 - 16*l**2 + 4*l + 7. What is the hundreds digit of j(17)?
3
Let i(o) = 2*o + 4*o + 5 - 6 - 3. What is the tens digit of i(8)?
4
Suppose -2*j + 121 = 3*n - j, -2*n + 70 = -2*j. Let c(g) = -15*g - 196. Let i be c(-14). Suppose 11*a + n = i*a. What is the units digit of a?
3
Suppose 0 = -4*j + 1734 + 110. What is the units digit of j?
1
What is the units digit of 26016/(-8)*(-9)/6?
8
Let b(r) = 14*r**2 - 3*r - 10. What is the hundreds digit of b(-5)?
3
Let r(m) = -2*m + 60. Let u be r(27). Suppose -4*q + u*q + 3*j - 522 = 0, 5*j = q - 261. What is the tens digit of q?
6
Suppose -5*x = -25, -4*x = -3*j - x - 18. Let s be (-10)/5 - (-6)/j. What is the units digit of -2*(1 + 28/s)?
5
Let f be (3 + 2 + 4)/(0 - 1). What is the units digit of 2/((-167)/792 - 2/f)?
6
Let k(z) = -17*z**3 - 9*z**2 + 12*z + 79. What is the tens digit of k(-6)?
5
Suppose -8*l = -l + 196. Let s = -25 - l. What is the units digit of s?
3
Let v be (-2)/((-2)/3) + 0. Let y be (-4)/((-12)/81) - v. Let d = y + -10. What is the tens digit of d?
1
Let u be (4 - 6)/2*1. What is the units digit of (u + 3/2)*24?
2
Suppose 2*d + 1100 = 12*d. What is the units digit of d?
0
Suppose 979 = 2*a - 5*c, 4*c = -c + 15. What is the tens digit of a?
9
Let i be 46/4*2 + 0 + -3. Suppose 3*n = k + 4 + 4, -2*k = 4*n - 14. What is the units digit of 1150/i + k/2?
8
Suppose 5*x = -2*s + 11, 2*x = -3*x - 3*s + 9. Let z = 2 - 2. What is the units digit of (25 - z) + 9/x?
8
What is the units digit of -6 + (2306 - -6) - (-7)/1?
3
Let h = -22 + 20. Let a be (h - 2) + (36 - -2). What is the units digit of 710/a - (-20)/170?
1
Let r(y) = -3*y**2 - 4*y + 1. Let f be r(-3). Let k = f - -37. What is the tens digit of k?
2
Suppose 0 = -5*i - 2*a - 448, -4*i + 5*i + 91 = a. Let d = i - -245. What is the tens digit of d?
5
Suppose 39*g - 19412 = 57028. What is the thousands digit of g?
1
Suppose -2*o + 552 = 3*o - y, o = -y + 114. Suppose 3*g = 3*a + o, 5*g + 2*a - 104 - 88 = 0. What is the tens digit of g?
3
Let i be -2*(-2 + 1) + 24. Suppose 0 = 2*k - 1 - 7. Suppose -i = -2*x - 2*w, 5 = 4*x - k*w - 23. What is the tens digit of x?
1
Let t(b) = -b. Let q(i) = 11*i - 4. Let n(c) = q(c) + t(c). Suppose 4*p = 19*m - 14*m - 2, -m + p = 0. What is the units digit of n(m)?
6
Suppose 2*d - x + 0 = 17, 4*d - 4*x - 28 = 0. Let j(c) = -c**2 + 14*c - 9. Let m be j(d). Let g = -8 + m. What is the tens digit of g?
2
Suppose 0 = -2*y - 4*c + 2856, 0*c + 5*c = 3*y - 4284. What is the thousands digit of y?
1
Let w(t) = -20*t + 5. Let n(q) = 3*q - 15. Let v(c) = c - 8. Let y(k) = -6*n(k) + 11*v(k). Let d(z) = 2*w(z) - 7*y(z). What is the units digit of d(4)?
2
Let i(t) be the third derivative of -t**4/4 - 8*t**3/3 - 15*t**2. What is the tens digit of i(-13)?
6
Let u(h) = -h + 20. Suppose 5*c + 62 = -4*b, 0*b + 5*c + 80 = -5*b. What is the units digit of u(b)?
8
Let s(d) = 10*d**3 + 6*d**2 - 4*d + 10. What is the tens digit of s(3)?
2
Suppose -4*v = -w - 633 - 8040, -3*w = 3*v - 6501. What is the thousands digit of v?
2
Let p(x) = 55*x + 68. What is the hundreds digit of p(1)?
1
Suppose 0 = -f - a + 311, -5*a - 385 = 3*f - 1312. What is the hundreds digit of f?
3
Suppose -4*a + 70 = n, a - 3*a - 5*n = -44. Suppose -3 = 8*c + 5. What is the tens digit of (a + c)*(2 - 1)?
1
Suppose 0 = -2*f + 8*f + 102. What is the tens digit of (3/2)/((-9)/(-12)) - f?
1
Suppose 27814 = 18*u + 4324. What is the thousands digit of u?
1
Let x(u) = -9*u**2 + 3*u + 8*u**2